 - 31. Calculate the remainder when 88 is divided by m.
26
Let p be (-2 - (-4 + -2)) + 140/(-28). Calculate the remainder when 116 is divided by (-1)/(222/54 + -4)*p.
8
Let r = -2 + -99. Let w = r - -132. Calculate the remainder when 89 is divided by w.
27
Suppose 249435 = -5*a + 106*a + 140*a. What is the remainder when a is divided by 123?
51
Let j = -838 + 853. What is the remainder when (-573)/(-15) - 11/55 is divided by j?
8
Suppose -5*p - 39 + 589 = 0. Let d be (-6)/((-42)/35) + 1 + 1. Let t = d + 21. Calculate the remainder when p is divided by t.
26
Calculate the remainder when 1251 is divided by (-259)/222*(-180)/21.
1
Suppose -6 - 1 = -l. Let h be ((-2)/(-4))/((-6)/(-9168)*4). Let m = -172 + h. What is the remainder when m is divided by l?
5
Let j = 4382 - 3298. Calculate the remainder when j is divided by 186.
154
What is the remainder when (-13944)/1245*(-35)/4 is divided by 22?
10
Suppose 5*a = -27 + 247. Let i be (a/(-8))/((-1)/2). Suppose -12*l = -i*l - 33. Calculate the remainder when l is divided by 20.
13
What is the remainder when (-10262)/(-9)*1197/266 is divided by 1280?
11
Suppose 168 + 14 = 7*j. Suppose o - 38 = 4*u - 2*o, -4*u - 3*o - j = 0. Let a(d) = -d + 6. Calculate the remainder when 25 is divided by a(u).
11
Suppose -t = 6*t + 13*t - 200. Calculate the remainder when 84 is divided by t.
4
Let w = 3 - -3. Let p(z) = 14*z - 6. Let f be p(-4). Let r = f - -66. Calculate the remainder when w is divided by r.
2
Let o(c) = c**3 - 2*c**2 - 10*c + 6. Suppose -713 = -3*z + 4*x, -3*z - x + 1632 = 884. Calculate the remainder when z is divided by o(5).
30
Suppose -280 = 11*b - 25*b. Let f = 14 + b. What is the remainder when 270 is divided by f?
32
Let p = 404 + -110. Calculate the remainder when p is divided by 53.
29
Let a(r) = 20*r + 4. Let s be a(0). Suppose 0 = -z - 18 + 66. Calculate the remainder when z is divided by s/(1 - (275/(-65))/(-5)).
22
What is the remainder when (-4)/12*2*(-1170)/20 is divided by -3 - (-28 + 20/5)?
18
Suppose 60*m + 85*m - 13545 = 40*m. Calculate the remainder when 273 is divided by m.
15
Let y(m) = 11*m + 16. Let n be y(-4). Let o = -26 - n. Suppose -o*l + 46 = -10. What is the remainder when l is divided by 22?
6
Let f = -2198 - -2207. Calculate the remainder when 194 is divided by f.
5
Suppose -3664 = -124*l + 13076. Suppose -76 = -5*c - 6. Let t = c + 21. What is the remainder when l is divided by t?
30
Suppose 4*x - 58 = 2*f + 136, f - 107 = -2*x. Let w = 1 + x. Let q(a) = 11*a**2 + a - 1. Calculate the remainder when w is divided by q(1).
8
Let w = -115 + 232. What is the remainder when w is divided by 386/16 - 431/3448?
21
Let q = 12158 + -12001. Calculate the remainder when q is divided by 35.
17
Suppose 0 = -5*t - m + 158, -2*t + m = -3*t + 26. What is the remainder when (2 - 92)*(-2 - -1) is divided by t?
24
Calculate the remainder when 43355/143 - (-14)/(-77) is divided by 21.
9
Suppose 0 = 5*x - 236 - 34. Suppose 10 = 2*k + 3*v - x, 0 = -5*k + v + 194. Calculate the remainder when 70 is divided by k.
32
Let g(x) = 4*x**2 - 10*x - 4. Let s(r) = r**3 + r**2 + r + 4. Suppose -8*i + 4*i = 0. Let k be s(i). Calculate the remainder when 98 is divided by g(k).
18
Let o(c) = -6*c**2 - 191*c + 10. Calculate the remainder when 366 is divided by o(-31).
36
Let x = 66 - 54. What is the remainder when 23 - (((-14)/(-4))/(-7)*-14 + -4) is divided by x?
8
Let t(d) = d + 47. Let n(o) = 2*o + 52. Let w be ((-48)/(-48))/(0 + (-2)/(-14)). What is the remainder when n(w) is divided by t(-23)?
18
Suppose 228 = -43*j + 529. What is the remainder when 1649 is divided by j?
4
Suppose 0 = -u - 12*u + 819. Calculate the remainder when u is divided by ((-44)/(-6))/(2/(-6) + 1).
8
Let s(g) = 2*g - 17. Let i(q) = -3*q + 35. Let v(u) = 3*i(u) + 5*s(u). What is the remainder when 60 is divided by v(7)?
6
Let i(n) = -n**2 + 33*n - 192. Let a(f) = 2*f**2 - 3*f + 1. Let l be a(2). Suppose -l = m - 2*m. Calculate the remainder when i(8) is divided by m.
2
Let b be (-3)/(-4) - (-1)/4. Let f be ((-9)/(-36))/(b/4). What is the remainder when -3*(2 + f + -2)*-13 is divided by 20?
19
Let l(k) be the first derivative of -k**2 + k - 11. Let g(x) = -x**3 - 8*x**2 - 12*x - 7. Let f be g(-6). What is the remainder when 208 is divided by l(f)?
13
Let t = 104 - 4. Suppose 17*d - 22*d = -t. Let g = 13 - 2. What is the remainder when d is divided by g?
9
Suppose 4*y = -93*f + 94*f - 57, -163 = -4*f + 3*y. Let g(r) = -r**3 + 2*r**2 + 7*r + 7. What is the remainder when g(-5) is divided by f?
36
Suppose 0 = -3*s + 2*g + 181, 7*g - 222 = -3*s - s. Calculate the remainder when 270 is divided by s.
34
Let v = 52 + -45. Suppose v*f = 3*f + 248. Calculate the remainder when f + 3 + (5 - 6) is divided by 17.
13
Let g be 4*(-1)/(-8) + 237/(-6). Let v be 3/(-6) - 121/2. Let k = g - v. What is the remainder when k is divided by 9?
4
What is the remainder when 398 is divided by 0 + (-2 - 12) - -22?
6
Let c(t) = -t**3 + 14*t**2 - 11*t + 44. Suppose -6*u + 24 = -3*u. Calculate the remainder when c(13) is divided by u.
6
Let a be (-48)/(-32) + (-3)/(-2). Suppose -a*q + 31 + 110 = 0. What is the remainder when q is divided by 16?
15
Suppose y - 14*f + 11*f - 26 = 0, 0 = 5*f. Calculate the remainder when 252 is divided by y.
18
Let f(u) = -u**3 + 18*u**2 - u + 18. Let c be f(18). Suppose c = 11*j - 143 - 22. Let d(g) = g**2 - 4*g - 3. Calculate the remainder when j is divided by d(-2).
6
Let u = 42845 + -42841. Suppose 4*p - 38 = -2. Suppose 0*j + p = j. What is the remainder when j is divided by u?
1
Let g = -302 - -151. Let o = g + 159. What is the remainder when 84 is divided by o?
4
Suppose 20 = -65*l + 69*l. What is the remainder when (-64759)/(-155) + 1/l is divided by 30?
28
Let s = 657 - 946. Let p = -238 - s. What is the remainder when 660 is divided by p?
48
Suppose -2*g = 733*x - 729*x - 956, 2*x = 2*g - 908. Calculate the remainder when g is divided by 35.
7
Suppose -45*i + i + 1056 = 0. What is the remainder when 7149 is divided by i?
21
Suppose -120*s + 123*s - 114 = 0. Suppose 4*c = 2*c - 44. Let f = c + 96. Calculate the remainder when f is divided by s.
36
Suppose -25 = -5*i + 60. Let f = -57 + 58. Let c = i - f. What is the remainder when 77 is divided by c?
13
Let v(g) = 30*g**2 + 7*g + 7. Let y be (0/1)/(8 - 7). Suppose -h + 91 - 3 = y. Calculate the remainder when h is divided by v(-1).
28
Let r(s) = s**3 - 66*s**2 + 358*s + 186. What is the remainder when r(61) is divided by 60?
59
Let j = -2848 - -3152. Calculate the remainder when j is divided by 35.
24
Let l(z) = 2*z + 87. Let g(c) = -5*c - 263. Let q(f) = -6*g(f) - 17*l(f). What is the remainder when q(16) is divided by 26?
9
Let y(w) = w**3 - 94*w**2 + 1461*w - 254. Calculate the remainder when y(75) is divided by 2.
0
Suppose -3*j + 0*s + s + 330 = 0, -3*j - 5*s + 312 = 0. Calculate the remainder when j is divided by 32.
13
Suppose 3*s = q + 32, 2*q - 10 = 7*q. Suppose i = s*i - 1071. Calculate the remainder when i is divided by 20.
19
Let v be -1 + (-5)/(-6) - (-4666)/(-12). Let o = v + 403. What is the remainder when 53 is divided by o?
11
Suppose -4*f - 7 = 2*b - 83, -5*f = 3*b - 118. Suppose b = -z + 607. Suppose -5*a + z = 46. Calculate the remainder when a is divided by 26.
25
What is the remainder when 217 is divided by 107 - 1/((4 - 9/2)*1)?
108
Let q be ((-15)/(-4))/(6/216). Let n = q - 112. Let u(o) = 6*o**3 - o**2. Calculate the remainder when n is divided by u(1).
3
Let v(b) = -b**3 + 104*b + 100*b - 16*b**2 + 3 - 207*b. Calculate the remainder when v(-16) is divided by 13.
12
Let x = -986 - -1067. Calculate the remainder when x is divided by 1270/45 - (-2)/(-9).
25
Let i be 26/65 - 1467/5. Let g = i - -21. Calculate the remainder when 53 is divided by g/(-20) - 6/(-15).
11
Suppose -2*u + 520 = 2*u. Let z = 28677 + -28652. Calculate the remainder when u is divided by z.
5
Suppose -14*s + 418 = -142. Calculate the remainder when s is divided by (3 - 2) + -2 - -26.
15
Let i(r) be the third derivative of r**6/120 + r**5/20 - 7*r**4/6 - 5*r**3/3 - 42*r**2 - 2*r. Calculate the remainder when i(-6) is divided by 15.
5
Let v(r) = 2*r + 20. Let t be v(8). Suppose 74 + t = 22*k. Suppose -2*m - 5 = 5*l + 4, -2*l = 2*m. What is the remainder when k is divided b